(c). What is d(2)?
7
Let l(p) = p**3 + 18*p**2 + 77*p - 8. Let v be l(-7). Let u(d) = -8*d - 2*d**2 - 7 + d**2 + 3. What is u(v)?
-4
Let g(h) = 23*h. Let l(o) = -2*o - 1. Let w(r) = -2*g(r) - 22*l(r). Determine w(16).
-10
Let q(n) = -9*n + 2. Let y(a) = -56*a - 4 + 40*a + 35*a. Let r(d) = -13*q(d) - 6*y(d). Determine r(3).
7
Let i(k) = k**3 + 3*k**2 + 12*k + 41. Let c be i(-3). Let o(b) = 2 - 3*b + 5*b - 7. Determine o(c).
5
Suppose 0*g = 7*g - 259. Suppose -3*o = 2*v + g, 3*o + 17 + 10 = 3*v. Let r(s) = -s - 13. Give r(o).
-2
Let w(b) = 7*b**3 + b**2 - b + 1. Let o be ((-144)/(-20))/((-2)/(-5)). Suppose o = s + 2*s. Suppose s*j - 3*j - 3 = 0. What is w(j)?
8
Let v(x) be the third derivative of x**4/24 + 10*x**3/3 + 237*x**2. Give v(-18).
2
Let u be 2/(-4) - (-22)/(-4). Let q(a) be the second derivative of -1/2*a**4 + 1/3*a**3 - a - 1/20*a**5 + 0 + 3*a**2. Determine q(u).
-6
Let p(q) = q**3 - 10*q**2 - 6. Let x(v) = -v**3 + 1. Let h(b) = -4*b**3 - 11*b**2 - 2. Let n(k) = h(k) - 5*x(k). Let y(z) = 6*n(z) - 7*p(z). Give y(4).
0
Suppose 3*w = 2*o + 4*w + 7, -w = -5*o. Let p be -2 + o - (-9 + 1). Suppose 3*a = -2*b + p*b - 3, -3*b = -9. Let z(v) = -v**3 + v**2 + v. Calculate z(a).
-2
Let x(f) be the second derivative of f**8/6720 - f**7/420 + f**6/90 - f**5/24 - 19*f**4/12 + 21*f. Let q(g) be the third derivative of x(g). Determine q(5).
10
Let r(y) = y - 2. Let i be r(2). Suppose i = 2*g - 1 - 1. Let u(n) = -g - 5 - n + 0. Determine u(-6).
0
Suppose 17 = -2*q - 3. Let z(w) be the first derivative of w**2/2 + w - 59. Calculate z(q).
-9
Suppose 2*o + 2 = 3*o. Let a be 7/(-14)*(-2 + o). Let j(q) = 0*q - 2 - 3*q + a*q + 2*q. Determine j(2).
-4
Let m(f) be the first derivative of -f**4/4 + 13*f**3/3 - 8*f**2 + 40*f + 531. Give m(12).
-8
Let y(t) be the first derivative of -t**3/3 - 6*t**2 - 11*t + 151. Calculate y(-10).
9
Let y(r) = 3*r. Suppose 3*k - 7*k - h = -200, -2*k = h - 100. Let j = k + -54. Determine y(j).
-12
Let x(b) be the first derivative of 0*b + 4/3*b**3 + 0*b**2 - 1/120*b**5 + 1/6*b**4 - 4. Let a(w) be the third derivative of x(w). Determine a(-3).
7
Suppose 271*m = 280*m + 261. Let q(h) = 2*h**2 + 58*h - 1. Calculate q(m).
-1
Let w(s) = 2785612*s + 3*s**2 - s**2 - 2785612*s - 7. Give w(-5).
43
Let n(k) = 2*k + 6. Let z = 271 - 276. What is n(z)?
-4
Let t(h) be the first derivative of 11 - h + 3/2*h**2. Suppose 59 = 4*u + 5*j + 23, 0 = u + 2*j - 12. Give t(u).
11
Let i = -18 + 3. Let g(c) be the first derivative of -c**2/2 - 14*c - 50. Let y be g(i). Let a(h) = -13*h**3 + 2*h**2 - 2*h + 1. Determine a(y).
-12
Suppose -82*v - 32 = -90*v. Let q(g) = g**2 - 3*g - 9. What is q(v)?
-5
Let r(j) be the first derivative of -j**4/4 - 4*j**3 - j**2 - 17*j + 20. Give r(-12).
7
Suppose 5*t + 4*w + 3 = -7, -4*w - 16 = 2*t. Suppose f + t*f = 9. Let g(j) = -f*j + 7 + 2*j + 4*j. Determine g(-5).
-8
Let i(x) = x**3 - 6*x**2 - x + 4. Suppose b = 6*b + w - 26, 5*w + 20 = 5*b. Suppose b*k - 10 = -4*q, -k + 4*q + 8 = -18. What is i(k)?
-2
Let c(p) = -3*p**3 - 2*p - 3. Let x(k) = k**2 - 37. Let v be x(6). Let n be c(v). Let d(z) = -z**3 + 2 - z + 5*z + 2*z**2 - 3*z. Give d(n).
4
Let l(d) = -3*d + 2. Let h be l(2). Suppose -9*t - 4 + 40 = 0. Let q(f) = -62 - t*f - f + 4*f + 58. Calculate q(h).
0
Let o(j) = -2*j + 6. Let b(h) = -h + 1. Let l(v) = 2*b(v) - 2*o(v). Suppose -4*n - 4 = -2*m, 3*m - 2*n - 30 = -4*n. Give l(m).
6
Let p(w) = 9*w + 30*w**2 - 10*w - 29*w**2. Give p(-1).
2
Suppose 5*u + 20 = 0, 3*i + 2*i - 2*u = 13. Let z(l) = -4 - 1 + 8 - 4 + 2 - l. What is z(i)?
0
Suppose 51*i - 21 = 234. Let d(v) = 2*v + 3. Determine d(i).
13
Suppose -5*j - 2*q = -0*q - 22, 3*j - 2*q - 10 = 0. Let o(a) = 3*a + 2*a + 0*a - a**3 + j*a**2 - 9*a. What is o(3)?
-3
Let w be 3*(-1)/(-9)*0. Let z(m) = -m + 8. Let u be z(3). Suppose u*x + 45 = -5*n, w*x = 2*n - 2*x + 2. Let s(j) = j**3 + 5*j**2 - 3*j - 3. Calculate s(n).
12
Suppose 0 = -j - m, 2*m + 0 + 5 = 3*j. Let i be j/((-33)/18 - -2). Let r(u) = 4 - u + 3 - 1. What is r(i)?
0
Let d = -57 - -60. Let n(a) = 2 + d*a - a + 0 - a. Calculate n(-8).
-6
Let o(a) = 20 - 43 + 19 + 4*a. Let h be o(1). Let r(t) = -t**3 - t**2 - t - 14. Give r(h).
-14
Let m(h) = 4*h**2 - 1 - 3*h - 2*h**2 - 3*h**2. Suppose 30 = -10*l - 10. Determine m(l).
-5
Let o be 1 - (-7)/(42/18). Let n = -8 - -10. Let z(b) = b + n*b - 4*b**2 + 3*b**2. What is z(o)?
-4
Let i(s) = -s + 6. Let f be i(11). Let v(w) = 3*w**2 - 3*w + 11. Let b(a) = -a**2 + 2*a - 5. Let o(g) = f*b(g) - 2*v(g). What is o(-3)?
6
Let w = -8 - -10. Let f be w/(-3) - 28/3. Let x be (f/(-5))/((-2)/2). Let u(l) = -l**3 - 3*l**2 - 3*l - 1. Determine u(x).
1
Let k(b) = -b**2 - 21*b - 32. Let j be k(-19). Let o(y) = -41 + 15 - y + j. What is o(0)?
-20
Let f(i) = -2*i**2 + 5*i - 3. Suppose -4*z - 32 = -2*g, -4*g + 2*z - 7*z = -38. Suppose -g = t - 5*t. Give f(t).
-6
Let s(w) be the second derivative of w**3 + 11*w**2 + 5*w. Let r(j) = -4*j - 15. Let n(c) = -7*r(c) - 5*s(c). Calculate n(-5).
5
Let a(c) = -37*c + c**2 - 38*c - 43*c + 132*c - 8. Determine a(-14).
-8
Let q = 1500 - 1493. Let k(w) = -w**2 + 2*w - 4. Calculate k(q).
-39
Suppose 0 = -5*r + z + 107, 25 = r - 0*r - 2*z. Let j(i) = i**2 - 23*i + 48. Calculate j(r).
6
Let h(y) be the second derivative of -y**3/6 + y**2 + 52*y. Determine h(5).
-3
Let a be (1/6)/(11/66). Let s(d) = -d - 2*d + d - a + 0. Let r = 4 - 3. What is s(r)?
-3
Let o(s) = -s**3 - 5*s**2 - 5*s + 2. Suppose 2*q = -2*j + 4, q + 2*q + 2*j = 6. Let n(u) = 2*u**3 + 5*u**2 + 4*u - 3. Let x(m) = q*n(m) + 3*o(m). What is x(6)?
-6
Suppose -112 = 4*i - 120. Let f(p) = 7*p - 5*p + 2*p - 3*p + 7*p**i. What is f(1)?
8
Let s(w) = -11*w**2 + 4*w - 6. Let y(i) = -25*i**2 + 7*i - 13. Let l(z) = 7*s(z) - 3*y(z). Calculate l(6).
-33
Suppose 5*x + h + 62 = 38, 0 = -4*x + 4*h. Let v(l) = 2*l + l + l + 6. Give v(x).
-10
Let g(p) = -p**2 + 13*p + 4. Let u be g(13). Suppose 0 = u*k - 5 - 27. Let l(o) be the third derivative of -o**5/60 + 7*o**4/24 - o**2. Determine l(k).
-8
Let v be 1*(-3 - (-2 + 0)). Let c(w) = -10*w - 2. Let j(g) = 15*g + 3. Let q(u) = -8*c(u) - 5*j(u). Calculate q(v).
-4
Suppose t = -0*t - 3. Let o be 32/(-40)*(-5)/2. Let b(i) = 2*i - 9*i - i**o - 3 + 1 + 5*i. Determine b(t).
-5
Let w(j) = 3*j + 10. Let h be w(-5). Let l(v) = -v**3 - 4*v**2 + 5*v + 1. What is l(h)?
1
Let c = 7 + -4. Let w(l) be the third derivative of l**5/60 - 5*l**4/24 + 2*l**3/3 - 5*l**2 - 3. Calculate w(c).
-2
Suppose 5*m = 27*m - 66. Let s(a) be the third derivative of 0*a + 0*a**4 - m*a**2 - 1/15*a**5 - 1/6*a**3 + 1/120*a**6 + 0. Give s(3).
-10
Let p(a) = -3*a - 8. Let v = 45 - 31. Let g(i) be the third derivative of i**6/120 - 13*i**5/60 - 7*i**4/12 - i**3 - i**2 + 9*i. Let w be g(v). Give p(w).
10
Let m(z) = -2*z**2 + 4*z - 2. Let b(v) = 4*v**2 + 3*v + 3. Let a be b(-1). What is m(a)?
-18
Let x(w) = 9*w**2 + w**3 + 4*w**2 - 3*w - 20*w**2 + w. Calculate x(7).
-14
Let h(g) = -g**3 - 3*g**2 - 2*g - 3. Let x be 214/8 - (-5)/20 - 2. Suppose 4*y + x = 13. Determine h(y).
3
Suppose -86 = 10*n - 86. Let u(s) = -s + 1 - 7 - s**2 + 1. Calculate u(n).
-5
Let w = -23 - -38. Let q = -10 + w. Let y(m) = -m**3 + 6*m**2 - m + 1. Give y(q).
21
Let z = 7 + -3. Suppose 2*u = -i + 3*i - 2, 0 = -i - 2*u + z. Let v(f) = -2*f**2 + 6*f**i - 3*f**2 - f. What is v(3)?
6
Let h(r) = -2*r - 7. Let l(g) = 3*g + 13. Let f(w) = 7*h(w) + 4*l(w). Let u(i) = -6*i**2 - 2*i - 1. Let x be u(-1). Let p be ((-25)/x)/(-1 - -2). Give f(p).
-7
Let z(v) = v**2 + 4*v + 4. Suppose 1 = p - a, -5*p - 2 = -0*p + 2*a. Suppose p = 4*x + 7 + 5. Determine z(x).
1
Let k(c) = c. Let q(g) = 3*g - 5. Let p(z) = -4*k(z) + q(z). Let f(d) = -d - 6. Let l(t) = -t**2 - 12*t + 26. Let w be l(-14). Let x be f(w). Calculate p(x).
-1
Let w(l) = -l**3 - 4*l**2 + 3. Suppose -8 = 5*z - 48. Suppose -2*i + z = -4*i. Calculate w(i).
3
Let r(i) = i - 2. Let s(y) = y - 11. Let c be s(14). Let u be (10/4)/(((-6)/(-4))/c). What is r(u)?
3
Suppose 5*w - 5 = -2*c, 3*w + 5 = 4*c - 18. Let u(s) = 0*s + 2*s + s**3 + c + 7*s**2 + 6*s. What is u(-6)?
-7
Let j(i) = i**3 - 2*i**2 + i - 4. Let v be (-44)/(-10) - 21/15. Calculate j(v).
8
Let l(k) = -k + 1. Let m(d) be the second derivative of d**3/2 + 10*d. Let f(s) = -2*l(s) - m(s). Give f(-5).
3
Let g(f) = 2*f**2 + 2*f - 9. Let 